{"id":1254,"date":"2022-11-23T09:01:31","date_gmt":"2022-11-23T08:01:31","guid":{"rendered":"https:\/\/psyoco.de\/?page_id=1254"},"modified":"2023-05-01T12:31:30","modified_gmt":"2023-05-01T10:31:30","slug":"modulare-ausbildung-zum-coach-fuer-kinder-jugendliche-und-familien","status":"publish","type":"page","link":"https:\/\/psyoco.de\/?page_id=1254","title":{"rendered":"Coach Ausbildung"},"content":{"rendered":"<!-- wp:themify-builder\/canvas \/-->\n\n<!--themify_builder_static--><p><img decoding=\"async\" loading=\"lazy\" src=\"https:\/\/psyoco.de\/wp-content\/uploads\/2022\/11\/coach-1-300x221.png\" alt=\"\" width=\"300\" height=\"221\" srcset=\"https:\/\/psyoco.de\/wp-content\/uploads\/2022\/11\/coach-1-300x221.png 300w, https:\/\/psyoco.de\/wp-content\/uploads\/2022\/11\/coach-1-1024x755.png 1024w, https:\/\/psyoco.de\/wp-content\/uploads\/2022\/11\/coach-1-768x566.png 768w, https:\/\/psyoco.de\/wp-content\/uploads\/2022\/11\/coach-1-1536x1132.png 1536w, https:\/\/psyoco.de\/wp-content\/uploads\/2022\/11\/coach-1.png 2020w\" sizes=\"auto, (max-width: 300px) 100vw, 300px\" \/><\/p>\n<h3>zum Coach f\u00fcr Kinder, Jugendliche und Familien<\/h3> <p>Du willst Kinder, Jugendliche und Familien als Coach und Berater unterst\u00fctzen und begleiten?<\/p> <p>Du bist bereits im p\u00e4dagogischen Bereich t\u00e4tig und m\u00f6chtest Dein Spektrum erweitern?<\/p> <p>Du suchst ein neues T\u00e4tigkeitsfeld?<\/p> <p>Du m\u00f6chtest im p\u00e4dagogischen Bereich arbeiten, hast aber bislang noch keine Ausbildung in diesem Arbeitsfeld?<\/p> <p>Du bist (Kinder-)Yogalehrer und m\u00f6chtest Dich breiter aufstellen und mehr M\u00f6glichkeiten haben?<\/p> <p><em>Dann ist unsere Ausbildung genau das richtige f\u00fcr Dich!<\/em><\/p> <p><strong><em>Individuell * Einzigartig * Praxisnah<\/em><\/strong><\/p> <p>7 Module * schulen\u00fcbergreifende Tools und Techniken aus mehr als 30 psychologischen und therapeutischen Coaching- und Beratungsans\u00e4tzen * viele M\u00f6glichkeiten<\/p> <p><em>Das Besondere an dieser Ausbildung sind Deine M\u00f6glichkeiten:<\/em><\/p> <ul> <li>Du kannst die Module komplett buchen und bekommst ein Zertifikat als &#8222;Coach f\u00fcr Kinder, Jugendliche &amp; Familien&#8220; <\/li> <li>Mit dem Zusatzmodul &#8222;Yoga trifft Coaching&#8220; und allen weiteren 7 Modulen schlie\u00dft Du die Ausbildung ab mit dem Zertifikat: &#8222;Yoga-Coach f\u00fcr Kinder, Jugendliche &amp; Familien&#8220;<\/li> <\/ul> <p><strong><em>Was uns ausmacht:<\/em><\/strong><\/p> <p><em>Unsere Ausbildung ist schulen\u00fcbergreifend und einzigartig in ihrer Vielfalt<br \/><\/em><\/p> <p>Wir sehen jeden Menschen, egal welchen Alters, als Individuum mit ganz eigenen F\u00e4hig- und Fertigkeiten an.<\/p> <p>Somit ben\u00f6tigt jeder Mensch eine individuelle Form der Begleitung, Beratung, des Coachings.<\/p> <p>Das gelingt, indem Du viele unterschiedliche Methoden, Tools und Sichtweisen in Deinem Arbeitskoffer hast!<\/p> <p><strong><em>Erfahrung<\/em><\/strong><\/p> <p>Wir arbeiten seit \u00fcber 30 Jahren mit Menschen unterschiedlichen Alters. Als P\u00e4dagogen, Coaches und Begleiter.<\/p> <p>So k\u00f6nnen wir Dir viele wertvolle und gewinnbringende Tipps und Erfahrungen aus unserer Praxis an die Hand geben.<\/p> <p>Wir begleiten Dich individuell und auch nach der Ausbildung kannst Du von unterschiedlichen Angeboten profitieren!<\/p> <p><strong><em>Wir leben was wir lehren<\/em><\/strong><\/p> <p>Leben ist Ver\u00e4nderung und stetige Reflexion, Erforschung, Entdeckung.<\/p> <p>Deshalb legen wir in unserer Ausbildung gro\u00dfen Wert auf die Selbsterfahrung, denn nur wenn Du den Weg gegangen bist, kannst Du ein authentischer und sicherer Begleiter sein.<\/p> <p>Deshalb bilden wir uns auch stetig weiter und bleiben in Bewegung. Wir sind neugierig und bleiben stets auch Lernende.<\/p> <p><em>Modul 1<\/em>: Der Blick ins System und wie sorge ich f\u00fcr Stabilit\u00e4t?<\/p> <p><em>Modul 2<\/em>: Wer bin ich? Was f\u00fchle ich? Was will ich?<\/p> <p><em>Modul 3<\/em>: Von Helden, Erz\u00e4hlungen und Geschichten: Praktisches f\u00fcrs Coaching<\/p> <p><em>Modul 4<\/em>: Bin ich was ich glaube? Wie kann gutes Lernen gelingen?<\/p> <p><em>Modul 5<\/em>: Vom Reden, Zuh\u00f6ren und Ankern<\/p> <p><em>Modul 6<\/em>: \u00dcber Familien und der Suche nach &#8230;<\/p> <p><em>Modul 7<\/em>: Zum Schluss: Was Du noch f\u00fcr Deine Arbeit brauchst<\/p> <p><em>Zusatzmodul<\/em>: Yoga trifft Coaching<\/p> <p><strong><em>Zeiten:<\/em><\/strong><\/p> <p>Samstag &amp; Sonntag jeweils 10.00 bis 17.00 Uhr online live per Zoom<\/p> <p><strong><em>Gruppengr\u00f6\u00dfe:<\/em><\/strong><\/p> <p>Maximal 14 Teilnehmer, um eine individuelle Betreuung und ein optimales Lernen zu erm\u00f6glichen!<\/p> <p><strong><em>Kosten:<\/em><\/strong><\/p> <p>Module 1-7 (incl. Einzelsupervision, zwei gef\u00fchrten Meditationen zum Download und Reflexion der von Dir erstellten Abschluss-Hausarbeit): Komplettpreis: \u20ac 2.499,-<\/p> <p>Zusatzmodul Yoga-Coach: \u20ac 249,-<\/p> <p>Als <em>Handout<\/em> dient das Buch &#8222;Coaching f\u00fcr Kinder und Jugendliche&#8220;, erschienen im Meyer und Meyer Verlag<\/p> <p>Du hast Fragen? Dann schreib uns eine Mail an <a href=\"mailto:kontakt@psyoco.de\">kontakt@psyoco.de<\/a><\/p><!--\/themify_builder_static-->","protected":false},"excerpt":{"rendered":"<p>zum Coach f\u00fcr Kinder, Jugendliche und Familien Du willst Kinder, Jugendliche und Familien als Coach und Berater unterst\u00fctzen und begleiten? Du bist bereits im p\u00e4dagogischen Bereich t\u00e4tig und m\u00f6chtest Dein Spektrum erweitern? Du suchst ein neues T\u00e4tigkeitsfeld? Du m\u00f6chtest im p\u00e4dagogischen Bereich arbeiten, hast aber bislang noch keine Ausbildung in diesem Arbeitsfeld? Du bist (Kinder-)Yogalehrer [&hellip;]<\/p>\n","protected":false},"author":1,"featured_media":0,"parent":0,"menu_order":0,"comment_status":"closed","ping_status":"closed","template":"","meta":{"footnotes":""},"class_list":["post-1254","page","type-page","status-publish","hentry","has-post-title","has-post-date","has-post-category","has-post-tag","has-post-comment","has-post-author",""],"builder_content":"<p><img src=\"https:\/\/psyoco.de\/wp-content\/uploads\/2022\/11\/coach-1-300x221.png\" alt=\"\" width=\"300\" height=\"221\" \/><\/p>\n<h3>zum Coach f\u00fcr Kinder, Jugendliche und Familien<\/h3> <p>Du willst Kinder, Jugendliche und Familien als Coach und Berater unterst\u00fctzen und begleiten?<\/p> <p>Du bist bereits im p\u00e4dagogischen Bereich t\u00e4tig und m\u00f6chtest Dein Spektrum erweitern?<\/p> <p>Du suchst ein neues T\u00e4tigkeitsfeld?<\/p> <p>Du m\u00f6chtest im p\u00e4dagogischen Bereich arbeiten, hast aber bislang noch keine Ausbildung in diesem Arbeitsfeld?<\/p> <p>Du bist (Kinder-)Yogalehrer und m\u00f6chtest Dich breiter aufstellen und mehr M\u00f6glichkeiten haben?<\/p> <p><em>Dann ist unsere Ausbildung genau das richtige f\u00fcr Dich!<\/em><\/p> <p><strong><em>Individuell * Einzigartig * Praxisnah<\/em><\/strong><\/p> <p>7 Module * schulen\u00fcbergreifende Tools und Techniken aus mehr als 30 psychologischen und therapeutischen Coaching- und Beratungsans\u00e4tzen * viele M\u00f6glichkeiten<\/p> <p><em>Das Besondere an dieser Ausbildung sind Deine M\u00f6glichkeiten:<\/em><\/p> <ul> <li>Du kannst die Module komplett buchen und bekommst ein Zertifikat als \"Coach f\u00fcr Kinder, Jugendliche &amp; Familien\" <\/li> <li>Mit dem Zusatzmodul \"Yoga trifft Coaching\" und allen weiteren 7 Modulen schlie\u00dft Du die Ausbildung ab mit dem Zertifikat: \"Yoga-Coach f\u00fcr Kinder, Jugendliche &amp; Familien\"<\/li> <\/ul> <p><strong><em>Was uns ausmacht:<\/em><\/strong><\/p> <p><em>Unsere Ausbildung ist schulen\u00fcbergreifend und einzigartig in ihrer Vielfalt<br \/><\/em><\/p> <p>Wir sehen jeden Menschen, egal welchen Alters, als Individuum mit ganz eigenen F\u00e4hig- und Fertigkeiten an.<\/p> <p>Somit ben\u00f6tigt jeder Mensch eine individuelle Form der Begleitung, Beratung, des Coachings.<\/p> <p>Das gelingt, indem Du viele unterschiedliche Methoden, Tools und Sichtweisen in Deinem Arbeitskoffer hast!<\/p> <p><strong><em>Erfahrung<\/em><\/strong><\/p> <p>Wir arbeiten seit \u00fcber 30 Jahren mit Menschen unterschiedlichen Alters. Als P\u00e4dagogen, Coaches und Begleiter.<\/p> <p>So k\u00f6nnen wir Dir viele wertvolle und gewinnbringende Tipps und Erfahrungen aus unserer Praxis an die Hand geben.<\/p> <p>Wir begleiten Dich individuell und auch nach der Ausbildung kannst Du von unterschiedlichen Angeboten profitieren!<\/p> <p><strong><em>Wir leben was wir lehren<\/em><\/strong><\/p> <p>Leben ist Ver\u00e4nderung und stetige Reflexion, Erforschung, Entdeckung.<\/p> <p>Deshalb legen wir in unserer Ausbildung gro\u00dfen Wert auf die Selbsterfahrung, denn nur wenn Du den Weg gegangen bist, kannst Du ein authentischer und sicherer Begleiter sein.<\/p> <p>Deshalb bilden wir uns auch stetig weiter und bleiben in Bewegung. Wir sind neugierig und bleiben stets auch Lernende.<\/p> <p><em>Modul 1<\/em>: Der Blick ins System und wie sorge ich f\u00fcr Stabilit\u00e4t?<\/p> <p><em>Modul 2<\/em>: Wer bin ich? Was f\u00fchle ich? Was will ich?<\/p> <p><em>Modul 3<\/em>: Von Helden, Erz\u00e4hlungen und Geschichten: Praktisches f\u00fcrs Coaching<\/p> <p><em>Modul 4<\/em>: Bin ich was ich glaube? Wie kann gutes Lernen gelingen?<\/p> <p><em>Modul 5<\/em>: Vom Reden, Zuh\u00f6ren und Ankern<\/p> <p><em>Modul 6<\/em>: \u00dcber Familien und der Suche nach ...<\/p> <p><em>Modul 7<\/em>: Zum Schluss: Was Du noch f\u00fcr Deine Arbeit brauchst<\/p> <p><em>Zusatzmodul<\/em>: Yoga trifft Coaching<\/p> <p><strong><em>Zeiten:<\/em><\/strong><\/p> <p>Samstag &amp; Sonntag jeweils 10.00 bis 17.00 Uhr online live per Zoom<\/p> <p><strong><em>Gruppengr\u00f6\u00dfe:<\/em><\/strong><\/p> <p>Maximal 14 Teilnehmer, um eine individuelle Betreuung und ein optimales Lernen zu erm\u00f6glichen!<\/p> <p><strong><em>Kosten:<\/em><\/strong><\/p> <p>Module 1-7 (incl. Einzelsupervision, zwei gef\u00fchrten Meditationen zum Download und Reflexion der von Dir erstellten Abschluss-Hausarbeit): Komplettpreis: \u20ac 2.499,-<\/p> <p>Zusatzmodul Yoga-Coach: \u20ac 249,-<\/p> <p>Als <em>Handout<\/em> dient das Buch \"Coaching f\u00fcr Kinder und Jugendliche\", erschienen im Meyer und Meyer Verlag<\/p> <p>Du hast Fragen? Dann schreib uns eine Mail an <a href=\"mailto:kontakt@psyoco.de\">kontakt@psyoco.de<\/a><\/p>","_links":{"self":[{"href":"https:\/\/psyoco.de\/index.php?rest_route=\/wp\/v2\/pages\/1254","targetHints":{"allow":["GET"]}}],"collection":[{"href":"https:\/\/psyoco.de\/index.php?rest_route=\/wp\/v2\/pages"}],"about":[{"href":"https:\/\/psyoco.de\/index.php?rest_route=\/wp\/v2\/types\/page"}],"author":[{"embeddable":true,"href":"https:\/\/psyoco.de\/index.php?rest_route=\/wp\/v2\/users\/1"}],"replies":[{"embeddable":true,"href":"https:\/\/psyoco.de\/index.php?rest_route=%2Fwp%2Fv2%2Fcomments&post=1254"}],"version-history":[{"count":0,"href":"https:\/\/psyoco.de\/index.php?rest_route=\/wp\/v2\/pages\/1254\/revisions"}],"wp:attachment":[{"href":"https:\/\/psyoco.de\/index.php?rest_route=%2Fwp%2Fv2%2Fmedia&parent=1254"}],"curies":[{"name":"wp","href":"https:\/\/api.w.org\/{rel}","templated":true}]}}